{"id":4321,"date":"2023-08-14T23:52:10","date_gmt":"2023-08-14T21:52:10","guid":{"rendered":"https:\/\/www.tvprotext.sk\/?post_type=product&#038;p=4321"},"modified":"2023-08-14T23:52:10","modified_gmt":"2023-08-14T21:52:10","slug":"optimal-color-oranzova-karneol-75kg","status":"publish","type":"product","link":"https:\/\/www.tvprotext.sk\/?product=optimal-color-oranzova-karneol-75kg","title":{"rendered":"Optimal Color Oran\u017eov\u00e1 Karneol 7,5kg"},"content":{"rendered":"","protected":false},"excerpt":{"rendered":"<p>Kvalitn\u00e1 t\u00f3novan\u00e1, matn\u00e1, oteruvzdorn\u00e1, vysoko paropriepustn\u00e1, r\u00fdchloschn\u00faca interi\u00e9rov\u00e1 disperzn\u00e1 farba s vysokou krycou schopnos\u0165ou a rozotierate\u013enos\u0165ou na okam\u017eit\u00e9 pou\u017eitie.<\/p>\n<p><strong>V\u00fdhody:<\/strong><\/p>\n<ul>\n<li>okam\u017eit\u00e1 aplik\u00e1cia t\u00f3novanej farby<\/li>\n<li>v\u00fdborn\u00e1 paropriepustnos\u0165<\/li>\n<li>odoln\u00e1 vo\u010di oteru za sucha<\/li>\n<li>dobr\u00e1 pri\u013enavos\u0165 k miner\u00e1lnym podkladom<\/li>\n<li>schopnos\u0165 zaceli\u0165 drobn\u00e9 trhliny na natieranom povrchu<\/li>\n<\/ul>\n<p><strong>Pou\u017eitie:<\/strong><\/p>\n<p>T\u00f3novan\u00e1 farba Optimal Color je vhodn\u00e1 na vn\u00fatorn\u00e9 n\u00e1tery v\u00e1penn\u00fdch, cementov\u00fdch a sadrov\u00fdch omietok, sadrokart\u00f3nov\u00fdch, sadrovl\u00e1knit\u00fdch a drevovl\u00e1knit\u00fdch dosiek, bet\u00f3nov\u00fdch panelov, muriva, sana\u010dn\u00fdch omietok, tapiet a pod. Taktie\u017e na aplik\u00e1ciu na podklady s kombin\u00e1ciou klasick\u00fdch omietok a sadrokart\u00f3nu. V\u00fdrobok sp\u013a\u0148a po\u017eiadavky na\u00a0<strong>n\u00e1tery povrchov, ktor\u00e9 m\u00f4\u017eu prich\u00e1dza\u0165 do nepriameho styku s potravinami<\/strong>.<br \/>\n<strong>Odtiene:<\/strong>\u00a0odtiene sa aplikuj\u00fa priamo, alebo sa m\u00f4\u017eu navz\u00e1jom \u013eubovo\u013ene mie\u0161a\u0165. Svetlej\u0161ie odtiene sa z\u00edskaj\u00fa zmie\u0161an\u00edm s bielym odtie\u0148om.<br \/>\n<strong>Nan\u00e1\u0161anie:\u00a0<\/strong>val\u010dekom, \u0161tetkou, \u0161tetcom, striekan\u00edm Airless.<br \/>\n<strong>V\u00fddatnos\u0165:<\/strong>\u00a06\u201310 m<sup>2<\/sup>\u00a0z 1 kg farby v jednej vrstve pod\u013ea nasiakavosti a \u0161trukt\u00fary podkladu a hr\u00fabky vrstvy a \u010fal\u0161\u00edch faktorov.<br \/>\n<strong>Teplota (farby, prostredia a podkladu):<\/strong>\u00a0pri aplik\u00e1cii a do 24 hod\u00edn po aplik\u00e1cii sa mus\u00ed pohybova\u0165 v rozmedz\u00ed +5 a\u017e +30 \u00b0C.<br \/>\n<strong>Podklad:<\/strong>\u00a0vyzret\u00fd, chemicky neutr\u00e1lny, s\u00fadr\u017en\u00fd, such\u00fd, nemastn\u00fd, nezasolen\u00fd, zbaven\u00fd debniacich olejov, bez ne\u010dist\u00f4t a biologick\u00e9ho napadnutia (plesne, riasy).<\/p>\n","protected":false},"featured_media":4322,"comment_status":"open","ping_status":"closed","template":"","meta":{"ocean_post_layout":"","ocean_both_sidebars_style":"","ocean_both_sidebars_content_width":0,"ocean_both_sidebars_sidebars_width":0,"ocean_sidebar":"0","ocean_second_sidebar":"0","ocean_disable_margins":"enable","ocean_add_body_class":"","ocean_shortcode_before_top_bar":"","ocean_shortcode_after_top_bar":"","ocean_shortcode_before_header":"","ocean_shortcode_after_header":"","ocean_has_shortcode":"","ocean_shortcode_after_title":"","ocean_shortcode_before_footer_widgets":"","ocean_shortcode_after_footer_widgets":"","ocean_shortcode_before_footer_bottom":"","ocean_shortcode_after_footer_bottom":"","ocean_display_top_bar":"default","ocean_display_header":"default","ocean_header_style":"","ocean_center_header_left_menu":"0","ocean_custom_header_template":"0","ocean_custom_logo":0,"ocean_custom_retina_logo":0,"ocean_custom_logo_max_width":0,"ocean_custom_logo_tablet_max_width":0,"ocean_custom_logo_mobile_max_width":0,"ocean_custom_logo_max_height":0,"ocean_custom_logo_tablet_max_height":0,"ocean_custom_logo_mobile_max_height":0,"ocean_header_custom_menu":"0","ocean_menu_typo_font_family":"0","ocean_menu_typo_font_subset":"","ocean_menu_typo_font_size":0,"ocean_menu_typo_font_size_tablet":0,"ocean_menu_typo_font_size_mobile":0,"ocean_menu_typo_font_size_unit":"px","ocean_menu_typo_font_weight":"","ocean_menu_typo_font_weight_tablet":"","ocean_menu_typo_font_weight_mobile":"","ocean_menu_typo_transform":"","ocean_menu_typo_transform_tablet":"","ocean_menu_typo_transform_mobile":"","ocean_menu_typo_line_height":0,"ocean_menu_typo_line_height_tablet":0,"ocean_menu_typo_line_height_mobile":0,"ocean_menu_typo_line_height_unit":"","ocean_menu_typo_spacing":0,"ocean_menu_typo_spacing_tablet":0,"ocean_menu_typo_spacing_mobile":0,"ocean_menu_typo_spacing_unit":"","ocean_menu_link_color":"","ocean_menu_link_color_hover":"","ocean_menu_link_color_active":"","ocean_menu_link_background":"","ocean_menu_link_hover_background":"","ocean_menu_link_active_background":"","ocean_menu_social_links_bg":"","ocean_menu_social_hover_links_bg":"","ocean_menu_social_links_color":"","ocean_menu_social_hover_links_color":"","ocean_disable_title":"default","ocean_disable_heading":"default","ocean_post_title":"","ocean_post_subheading":"","ocean_post_title_style":"","ocean_post_title_background_color":"","ocean_post_title_background":0,"ocean_post_title_bg_image_position":"","ocean_post_title_bg_image_attachment":"","ocean_post_title_bg_image_repeat":"","ocean_post_title_bg_image_size":"","ocean_post_title_height":0,"ocean_post_title_bg_overlay":0.5,"ocean_post_title_bg_overlay_color":"","ocean_disable_breadcrumbs":"default","ocean_breadcrumbs_color":"","ocean_breadcrumbs_separator_color":"","ocean_breadcrumbs_links_color":"","ocean_breadcrumbs_links_hover_color":"","ocean_display_footer_widgets":"default","ocean_display_footer_bottom":"default","ocean_custom_footer_template":"0"},"product_cat":[242],"product_tag":[],"class_list":{"0":"post-4321","1":"product","2":"type-product","3":"status-publish","4":"has-post-thumbnail","6":"product_cat-optimal-color","8":"entry","9":"has-media","11":"first","12":"instock","13":"taxable","14":"shipping-taxable","15":"purchasable","16":"product-type-simple","17":"has-product-nav","18":"col","19":"span_1_of_3","20":"owp-content-center","21":"owp-thumbs-layout-horizontal","22":"owp-btn-normal","23":"owp-tabs-layout-horizontal","24":"has-no-thumbnails"},"yoast_head":"<!-- This site is optimized with the Yoast SEO plugin v25.6 - https:\/\/yoast.com\/wordpress\/plugins\/seo\/ -->\n<title>Optimal Color Oran\u017eov\u00e1 Karneol 7,5kg - PROTEXT<\/title>\n<meta name=\"robots\" content=\"index, follow, max-snippet:-1, max-image-preview:large, max-video-preview:-1\" \/>\n<link rel=\"canonical\" href=\"https:\/\/www.tvprotext.sk\/?product=optimal-color-oranzova-karneol-75kg\" \/>\n<meta property=\"og:locale\" content=\"sk_SK\" \/>\n<meta property=\"og:type\" content=\"article\" \/>\n<meta property=\"og:title\" content=\"Optimal Color Oran\u017eov\u00e1 Karneol 7,5kg - PROTEXT\" \/>\n<meta property=\"og:description\" content=\"Kvalitn\u00e1 t\u00f3novan\u00e1, matn\u00e1, oteruvzdorn\u00e1, vysoko paropriepustn\u00e1, r\u00fdchloschn\u00faca interi\u00e9rov\u00e1 disperzn\u00e1 farba s vysokou krycou schopnos\u0165ou a rozotierate\u013enos\u0165ou na okam\u017eit\u00e9 pou\u017eitie.  V\u00fdhody:   okam\u017eit\u00e1 aplik\u00e1cia t\u00f3novanej farby  v\u00fdborn\u00e1 paropriepustnos\u0165  odoln\u00e1 vo\u010di oteru za sucha  dobr\u00e1 pri\u013enavos\u0165 k miner\u00e1lnym podkladom  schopnos\u0165 zaceli\u0165 drobn\u00e9 trhliny na natieranom povrchu  Pou\u017eitie:  T\u00f3novan\u00e1 farba Optimal Color je vhodn\u00e1 na vn\u00fatorn\u00e9 n\u00e1tery v\u00e1penn\u00fdch, cementov\u00fdch a sadrov\u00fdch omietok, sadrokart\u00f3nov\u00fdch, sadrovl\u00e1knit\u00fdch a drevovl\u00e1knit\u00fdch dosiek, bet\u00f3nov\u00fdch panelov, muriva, sana\u010dn\u00fdch omietok, tapiet a pod. Taktie\u017e na aplik\u00e1ciu na podklady s kombin\u00e1ciou klasick\u00fdch omietok a sadrokart\u00f3nu. V\u00fdrobok sp\u013a\u0148a po\u017eiadavky na\u00a0n\u00e1tery povrchov, ktor\u00e9 m\u00f4\u017eu prich\u00e1dza\u0165 do nepriameho styku s potravinami. Odtiene:\u00a0odtiene sa aplikuj\u00fa priamo, alebo sa m\u00f4\u017eu navz\u00e1jom \u013eubovo\u013ene mie\u0161a\u0165. Svetlej\u0161ie odtiene sa z\u00edskaj\u00fa zmie\u0161an\u00edm s bielym odtie\u0148om. Nan\u00e1\u0161anie:\u00a0val\u010dekom, \u0161tetkou, \u0161tetcom, striekan\u00edm Airless. V\u00fddatnos\u0165:\u00a06\u201310 m2\u00a0z 1 kg farby v jednej vrstve pod\u013ea nasiakavosti a \u0161trukt\u00fary podkladu a hr\u00fabky vrstvy a \u010fal\u0161\u00edch faktorov. Teplota (farby, prostredia a podkladu):\u00a0pri aplik\u00e1cii a do 24 hod\u00edn po aplik\u00e1cii sa mus\u00ed pohybova\u0165 v rozmedz\u00ed +5 a\u017e +30 \u00b0C. Podklad:\u00a0vyzret\u00fd, chemicky neutr\u00e1lny, s\u00fadr\u017en\u00fd, such\u00fd, nemastn\u00fd, nezasolen\u00fd, zbaven\u00fd debniacich olejov, bez ne\u010dist\u00f4t a biologick\u00e9ho napadnutia (plesne, riasy).\" \/>\n<meta property=\"og:url\" content=\"https:\/\/www.tvprotext.sk\/?product=optimal-color-oranzova-karneol-75kg\" \/>\n<meta property=\"og:site_name\" content=\"PROTEXT\" \/>\n<meta property=\"og:image\" content=\"https:\/\/www.tvprotext.sk\/wp-content\/uploads\/2023\/08\/150714_1-1.jpg\" \/>\n\t<meta property=\"og:image:width\" content=\"800\" \/>\n\t<meta property=\"og:image:height\" content=\"600\" \/>\n\t<meta property=\"og:image:type\" content=\"image\/jpeg\" \/>\n<meta name=\"twitter:card\" content=\"summary_large_image\" \/>\n<script type=\"application\/ld+json\" class=\"yoast-schema-graph\">{\"@context\":\"https:\/\/schema.org\",\"@graph\":[{\"@type\":\"WebPage\",\"@id\":\"https:\/\/www.tvprotext.sk\/?product=optimal-color-oranzova-karneol-75kg\",\"url\":\"https:\/\/www.tvprotext.sk\/?product=optimal-color-oranzova-karneol-75kg\",\"name\":\"Optimal Color Oran\u017eov\u00e1 Karneol 7,5kg - PROTEXT\",\"isPartOf\":{\"@id\":\"https:\/\/www.tvprotext.sk\/#website\"},\"primaryImageOfPage\":{\"@id\":\"https:\/\/www.tvprotext.sk\/?product=optimal-color-oranzova-karneol-75kg#primaryimage\"},\"image\":{\"@id\":\"https:\/\/www.tvprotext.sk\/?product=optimal-color-oranzova-karneol-75kg#primaryimage\"},\"thumbnailUrl\":\"https:\/\/www.tvprotext.sk\/wp-content\/uploads\/2023\/08\/150714_1-1.jpg\",\"datePublished\":\"2023-08-14T21:52:10+00:00\",\"breadcrumb\":{\"@id\":\"https:\/\/www.tvprotext.sk\/?product=optimal-color-oranzova-karneol-75kg#breadcrumb\"},\"inLanguage\":\"sk-SK\",\"potentialAction\":[{\"@type\":\"ReadAction\",\"target\":[\"https:\/\/www.tvprotext.sk\/?product=optimal-color-oranzova-karneol-75kg\"]}]},{\"@type\":\"ImageObject\",\"inLanguage\":\"sk-SK\",\"@id\":\"https:\/\/www.tvprotext.sk\/?product=optimal-color-oranzova-karneol-75kg#primaryimage\",\"url\":\"https:\/\/www.tvprotext.sk\/wp-content\/uploads\/2023\/08\/150714_1-1.jpg\",\"contentUrl\":\"https:\/\/www.tvprotext.sk\/wp-content\/uploads\/2023\/08\/150714_1-1.jpg\",\"width\":800,\"height\":600},{\"@type\":\"BreadcrumbList\",\"@id\":\"https:\/\/www.tvprotext.sk\/?product=optimal-color-oranzova-karneol-75kg#breadcrumb\",\"itemListElement\":[{\"@type\":\"ListItem\",\"position\":1,\"name\":\"Home\",\"item\":\"https:\/\/www.tvprotext.sk\/\"},{\"@type\":\"ListItem\",\"position\":2,\"name\":\"Shop\",\"item\":\"https:\/\/www.tvprotext.sk\/?page_id=1035\"},{\"@type\":\"ListItem\",\"position\":3,\"name\":\"Optimal Color Oran\u017eov\u00e1 Karneol 7,5kg\"}]},{\"@type\":\"WebSite\",\"@id\":\"https:\/\/www.tvprotext.sk\/#website\",\"url\":\"https:\/\/www.tvprotext.sk\/\",\"name\":\"PROTEXT\",\"description\":\"Farby, laky papiernictvo\",\"potentialAction\":[{\"@type\":\"SearchAction\",\"target\":{\"@type\":\"EntryPoint\",\"urlTemplate\":\"https:\/\/www.tvprotext.sk\/?s={search_term_string}\"},\"query-input\":{\"@type\":\"PropertyValueSpecification\",\"valueRequired\":true,\"valueName\":\"search_term_string\"}}],\"inLanguage\":\"sk-SK\"}]}<\/script>\n<!-- \/ Yoast SEO plugin. -->","yoast_head_json":{"title":"Optimal Color Oran\u017eov\u00e1 Karneol 7,5kg - PROTEXT","robots":{"index":"index","follow":"follow","max-snippet":"max-snippet:-1","max-image-preview":"max-image-preview:large","max-video-preview":"max-video-preview:-1"},"canonical":"https:\/\/www.tvprotext.sk\/?product=optimal-color-oranzova-karneol-75kg","og_locale":"sk_SK","og_type":"article","og_title":"Optimal Color Oran\u017eov\u00e1 Karneol 7,5kg - PROTEXT","og_description":"Kvalitn\u00e1 t\u00f3novan\u00e1, matn\u00e1, oteruvzdorn\u00e1, vysoko paropriepustn\u00e1, r\u00fdchloschn\u00faca interi\u00e9rov\u00e1 disperzn\u00e1 farba s vysokou krycou schopnos\u0165ou a rozotierate\u013enos\u0165ou na okam\u017eit\u00e9 pou\u017eitie.  V\u00fdhody:   okam\u017eit\u00e1 aplik\u00e1cia t\u00f3novanej farby  v\u00fdborn\u00e1 paropriepustnos\u0165  odoln\u00e1 vo\u010di oteru za sucha  dobr\u00e1 pri\u013enavos\u0165 k miner\u00e1lnym podkladom  schopnos\u0165 zaceli\u0165 drobn\u00e9 trhliny na natieranom povrchu  Pou\u017eitie:  T\u00f3novan\u00e1 farba Optimal Color je vhodn\u00e1 na vn\u00fatorn\u00e9 n\u00e1tery v\u00e1penn\u00fdch, cementov\u00fdch a sadrov\u00fdch omietok, sadrokart\u00f3nov\u00fdch, sadrovl\u00e1knit\u00fdch a drevovl\u00e1knit\u00fdch dosiek, bet\u00f3nov\u00fdch panelov, muriva, sana\u010dn\u00fdch omietok, tapiet a pod. Taktie\u017e na aplik\u00e1ciu na podklady s kombin\u00e1ciou klasick\u00fdch omietok a sadrokart\u00f3nu. V\u00fdrobok sp\u013a\u0148a po\u017eiadavky na\u00a0n\u00e1tery povrchov, ktor\u00e9 m\u00f4\u017eu prich\u00e1dza\u0165 do nepriameho styku s potravinami. Odtiene:\u00a0odtiene sa aplikuj\u00fa priamo, alebo sa m\u00f4\u017eu navz\u00e1jom \u013eubovo\u013ene mie\u0161a\u0165. Svetlej\u0161ie odtiene sa z\u00edskaj\u00fa zmie\u0161an\u00edm s bielym odtie\u0148om. Nan\u00e1\u0161anie:\u00a0val\u010dekom, \u0161tetkou, \u0161tetcom, striekan\u00edm Airless. V\u00fddatnos\u0165:\u00a06\u201310 m2\u00a0z 1 kg farby v jednej vrstve pod\u013ea nasiakavosti a \u0161trukt\u00fary podkladu a hr\u00fabky vrstvy a \u010fal\u0161\u00edch faktorov. Teplota (farby, prostredia a podkladu):\u00a0pri aplik\u00e1cii a do 24 hod\u00edn po aplik\u00e1cii sa mus\u00ed pohybova\u0165 v rozmedz\u00ed +5 a\u017e +30 \u00b0C. Podklad:\u00a0vyzret\u00fd, chemicky neutr\u00e1lny, s\u00fadr\u017en\u00fd, such\u00fd, nemastn\u00fd, nezasolen\u00fd, zbaven\u00fd debniacich olejov, bez ne\u010dist\u00f4t a biologick\u00e9ho napadnutia (plesne, riasy).","og_url":"https:\/\/www.tvprotext.sk\/?product=optimal-color-oranzova-karneol-75kg","og_site_name":"PROTEXT","og_image":[{"width":800,"height":600,"url":"https:\/\/www.tvprotext.sk\/wp-content\/uploads\/2023\/08\/150714_1-1.jpg","type":"image\/jpeg"}],"twitter_card":"summary_large_image","schema":{"@context":"https:\/\/schema.org","@graph":[{"@type":"WebPage","@id":"https:\/\/www.tvprotext.sk\/?product=optimal-color-oranzova-karneol-75kg","url":"https:\/\/www.tvprotext.sk\/?product=optimal-color-oranzova-karneol-75kg","name":"Optimal Color Oran\u017eov\u00e1 Karneol 7,5kg - PROTEXT","isPartOf":{"@id":"https:\/\/www.tvprotext.sk\/#website"},"primaryImageOfPage":{"@id":"https:\/\/www.tvprotext.sk\/?product=optimal-color-oranzova-karneol-75kg#primaryimage"},"image":{"@id":"https:\/\/www.tvprotext.sk\/?product=optimal-color-oranzova-karneol-75kg#primaryimage"},"thumbnailUrl":"https:\/\/www.tvprotext.sk\/wp-content\/uploads\/2023\/08\/150714_1-1.jpg","datePublished":"2023-08-14T21:52:10+00:00","breadcrumb":{"@id":"https:\/\/www.tvprotext.sk\/?product=optimal-color-oranzova-karneol-75kg#breadcrumb"},"inLanguage":"sk-SK","potentialAction":[{"@type":"ReadAction","target":["https:\/\/www.tvprotext.sk\/?product=optimal-color-oranzova-karneol-75kg"]}]},{"@type":"ImageObject","inLanguage":"sk-SK","@id":"https:\/\/www.tvprotext.sk\/?product=optimal-color-oranzova-karneol-75kg#primaryimage","url":"https:\/\/www.tvprotext.sk\/wp-content\/uploads\/2023\/08\/150714_1-1.jpg","contentUrl":"https:\/\/www.tvprotext.sk\/wp-content\/uploads\/2023\/08\/150714_1-1.jpg","width":800,"height":600},{"@type":"BreadcrumbList","@id":"https:\/\/www.tvprotext.sk\/?product=optimal-color-oranzova-karneol-75kg#breadcrumb","itemListElement":[{"@type":"ListItem","position":1,"name":"Home","item":"https:\/\/www.tvprotext.sk\/"},{"@type":"ListItem","position":2,"name":"Shop","item":"https:\/\/www.tvprotext.sk\/?page_id=1035"},{"@type":"ListItem","position":3,"name":"Optimal Color Oran\u017eov\u00e1 Karneol 7,5kg"}]},{"@type":"WebSite","@id":"https:\/\/www.tvprotext.sk\/#website","url":"https:\/\/www.tvprotext.sk\/","name":"PROTEXT","description":"Farby, laky papiernictvo","potentialAction":[{"@type":"SearchAction","target":{"@type":"EntryPoint","urlTemplate":"https:\/\/www.tvprotext.sk\/?s={search_term_string}"},"query-input":{"@type":"PropertyValueSpecification","valueRequired":true,"valueName":"search_term_string"}}],"inLanguage":"sk-SK"}]}},"jetpack_sharing_enabled":true,"_links":{"self":[{"href":"https:\/\/www.tvprotext.sk\/index.php?rest_route=\/wp\/v2\/product\/4321"}],"collection":[{"href":"https:\/\/www.tvprotext.sk\/index.php?rest_route=\/wp\/v2\/product"}],"about":[{"href":"https:\/\/www.tvprotext.sk\/index.php?rest_route=\/wp\/v2\/types\/product"}],"replies":[{"embeddable":true,"href":"https:\/\/www.tvprotext.sk\/index.php?rest_route=%2Fwp%2Fv2%2Fcomments&post=4321"}],"wp:featuredmedia":[{"embeddable":true,"href":"https:\/\/www.tvprotext.sk\/index.php?rest_route=\/wp\/v2\/media\/4322"}],"wp:attachment":[{"href":"https:\/\/www.tvprotext.sk\/index.php?rest_route=%2Fwp%2Fv2%2Fmedia&parent=4321"}],"wp:term":[{"taxonomy":"product_cat","embeddable":true,"href":"https:\/\/www.tvprotext.sk\/index.php?rest_route=%2Fwp%2Fv2%2Fproduct_cat&post=4321"},{"taxonomy":"product_tag","embeddable":true,"href":"https:\/\/www.tvprotext.sk\/index.php?rest_route=%2Fwp%2Fv2%2Fproduct_tag&post=4321"}],"curies":[{"name":"wp","href":"https:\/\/api.w.org\/{rel}","templated":true}]}}